/464).
2, 29
Let b(o) = o**2 + 18*o + 16. Let f be b(-17). Let y be f/((-4)/(-18))*12/(-18). Suppose 557 = 2*l + j + 4*j, 0 = -y*l - 5*j + 828. List the prime factors of l.
271
Let s(f) = f**3 + 2*f**2 + 3*f + 92. Suppose -g - 13*g = 0. Suppose g = -3*r + 5*p - 1 + 6, r - 5*p = 5. List the prime factors of s(r).
2, 23
Let v = -91 + 100. Let k(m) be the first derivative of 2*m**3/3 - 11*m**2/2 - 16*m - 7. What are the prime factors of k(v)?
47
Let m(o) = o**3 - 15*o**2 + 2*o + 28. Suppose -5 = -5*y, w + 90 = -0*y + y. Let k = 104 + w. What are the prime factors of m(k)?
2, 29
Let g = -11859 + 35671. List the prime factors of g.
2, 5953
Let g(z) = z**3 + 5*z**2 - 8*z - 9. Let s be g(-6). Suppose -4*q + 3*n - 5*n = -308, 257 = s*q - 5*n. List the prime factors of q.
79
Suppose 0 = -d + 11 + 11. Suppose -4*o - 4*t = -32, -o - 11*t + 8*t = -8. Suppose -o*v + 10*v - d = 0. List the prime factors of v.
11
Let y be (1 + -4)/((108/16)/(-9)). Suppose -4*c + 4 = -y*u, 4*c + 0*c + 2 = -2*u. Suppose 5*f - 3*j = 439, 3*j = -c*j - 9. List the prime factors of f.
2, 43
What are the prime factors of (-3597)/(-22)*(-1222)/(-13)?
3, 47, 109
Suppose 3*f + 75 = 126. Suppose 9 = 5*g - 2*n, 4*g - 3*n + f = 20. Suppose -2*a = -g*a + 136. List the prime factors of a.
2, 17
Let r(t) = t**2 - 16*t - 6. Let d(j) = j**2 - 16*j - 5. Let f(c) = -3*d(c) + 2*r(c). Let l be f(16). Suppose -l*u - 5*u + 32 = 0. List the prime factors of u.
2
Suppose 2*n + 59 - 61 = 0. List the prime factors of 1899/n*1/3.
3, 211
Let l be 9/(-12) - (-3)/(-12). Let z be l/(-2) + (-429)/(-22). What are the prime factors of z/(-6)*(-102)/4?
5, 17
Let m(x) = -7*x + 298. Let w be m(42). Suppose -3*s - w*l + 1836 = 44, 4*s + 5*l - 2391 = 0. List the prime factors of s.
2, 151
Let x be (-1 - 2)*(0 - 229). Suppose h - 4*h + x = 0. What are the prime factors of h?
229
Let f(b) = -b**2 - 9*b + 4. Let d = -68 + 72. Let v(m) = -m. Let j(z) = d*v(z) + f(z). What are the prime factors of j(-9)?
2, 5
Suppose -4*h = -x - 23487, -5*x + 8768 = h + 2891. List the prime factors of h.
2, 367
What are the prime factors of ((-3)/(-2))/(18/41144) - (-930)/2790?
3, 127
Let z(t) = -t**3 + 4*t**2 + 14*t + 4. Let g be (3/(-2))/((-3)/6). Let k = g + 3. List the prime factors of z(k).
2
Let c = 579 - 559. Suppose 3740 = -10*w + c*w. List the prime factors of w.
2, 11, 17
Let h(b) = b**3 + 33*b**2 - 174*b + 6. List the prime factors of h(-27).
2, 3, 17, 89
Let w(i) = 4*i - 1 - 5*i - 6*i**2 + 2*i**3 - 3*i**3 - 8. Let t be w(-6). Let d = t + 10. What are the prime factors of d?
7
Let p be (-2)/1 + (-6 - -4). What are the prime factors of (-4252)/(-8) + p/(-8)?
2, 7, 19
Let u(i) = i**2 - 195*i - 3207. List the prime factors of u(-123).
3, 11969
Let b(w) = 2*w**2 + 12*w + 14. Suppose 31*v + 118 = -99. What are the prime factors of b(v)?
2, 7
Suppose 65*t = 56*t + 53460. Suppose 221*s = 226*s - t. What are the prime factors of s?
2, 3, 11
Let f(j) = -633*j**3 + 8*j**2 + 14*j - 4. What are the prime factors of f(-2)?
2, 3, 211
Let y(p) = 5*p + 64. Let h be y(-12). Let z(k) be the third derivative of 25*k**4/12 - 31*k**3/6 + 7*k**2. List the prime factors of z(h).
13
Let t = 768 + -348. Suppose -c = 4*v - 126, 16*v = -4*c + 21*v + t. List the prime factors of c.
2, 5, 11
Suppose 3*y + 10*y - 1118 = 0. Let a = y + -87. What are the prime factors of (-7 - -6)*86*a?
2, 43
Let a = -527 + 3247. Suppose 1605 = 3*c - 3*g, 5*c = -6*g + 2*g + a. List the prime factors of c.
2, 3, 5
Let x(z) = 3*z - 3*z - 8*z**2 + 14*z**3 + 9*z + 8 - 15*z**3. Let r be x(-9). What are the prime factors of 100/((-9)/((-36)/r))?
2, 5
Let g(n) = -n**2 + 13*n. Let f be g(20). Let t = -128 - f. What are the prime factors of t?
2, 3
Let x = -877 - -877. Let h = 724 - 411. Suppose 3*s = n + 147 + h, x = -3*s - n + 470. List the prime factors of s.
5, 31
Suppose 2*z = -4*n + 21444, -11*n - 64332 = -6*z - 15*n. List the prime factors of z.
2, 3, 1787
Suppose -28*a + 83*a = 442585. What are the prime factors of a?
13, 619
What are the prime factors of (-70 - -139123)*3/9*1?
46351
Let x(o) = o**3 - 9*o**2 + 11*o - 8. Let g be x(6). Let b = g + 214. List the prime factors of b.
2, 41
Suppose -121417 = -4*i - 5*m, -5*i = -4*m - 97009 - 54793. List the prime factors of i.
2, 43, 353
Let k(m) = -21*m**3 - 19*m**2 - 138*m - 44. List the prime factors of k(-12).
2, 59, 149
Let j = 32781 - 22567. List the prime factors of j.
2, 5107
Suppose 3*y = 12, 0*y = -b - 4*y + 11. Let x be b/((-20)/(-132))*(1 - 2). Suppose -x*p + 760 = -29*p. What are the prime factors of p?
2, 5, 19
Let u(r) = r**3 + 10*r**2 - 3*r + 19. Suppose 3*t - 2*t = 4*y + 179, 0 = 2*t + 10. Let i = y + 36. List the prime factors of u(i).
7
Suppose 0*z + 10446 + 21270 = 9*z. What are the prime factors of z?
2, 881
Let x be (1/2 - 2)*(-472)/177. Suppose -x*k = -5*r + 1723, -9*r + 11*r + 4*k - 678 = 0. List the prime factors of r.
7
Suppose 1878017 = 187*a - 707071. List the prime factors of a.
2, 3
Let u = 4327 - -2736. What are the prime factors of u?
7, 1009
Let u(y) = 3*y**2 - y + 19. Let k be u(-15). Suppose 0 = 5*r - h - 1179, -3*r + 0*h - h = -k. Let x = 504 - r. List the prime factors of x.
2, 67
Let c(f) = -9*f + 22. Let z be c(2). Suppose -2*s = x - 2414, -6*s + 1216 = -5*s - z*x. List the prime factors of s.
2, 151
Let a(w) = 211*w**2 - 8*w - 1. Let l be a(-2). Let d = -281 + l. List the prime factors of d.
2, 17
Let s = 16658 + -10790. List the prime factors of s.
2, 3, 163
Suppose 0 = -4*h - 3*p + 150605 - 1537, h = 5*p + 37313. What are the prime factors of h?
37273
Let v be ((-2)/(-4))/(16/(-32)). What are the prime factors of (-5 + 641)*(1 - v/(-2))?
2, 3, 53
Suppose x + 6 = -2*c, 2*c = -2 - 4. Suppose -6*s + 7*s - 30 = x. What are the prime factors of s?
2, 3, 5
Let v(u) = 29*u**2 - 3*u + 2. Let g be v(-1). Let b = 33 + g. What are the prime factors of b?
67
List the prime factors of (-6 + 27/6)*(14 - 9170).
2, 3, 7, 109
Suppose -2*i - c = -12491, 0 = -324*i + 326*i - 5*c - 12485. List the prime factors of i.
5, 1249
Suppose 12*c + 32 = 28*c. Let g(h) = 44*h**3 + h**2 + 4*h - 9. What are the prime factors of g(c)?
5, 71
Suppose 0 = 4*d - 9*d - 19740. Let s = -2769 - d. What are the prime factors of s?
3, 131
Let i(t) = 256*t**2 + t - 14. List the prime factors of i(-6).
2, 11, 19
Let p(i) = 9*i - 4. Let s be p(1). Suppose -6*c = -c + s*x + 60, x - 48 = 3*c. What are the prime factors of 10/(-4)*(-21)/c*-26?
7, 13
Let h(f) = 3318*f**2 - 172*f. List the prime factors of h(-3).
2, 3, 61, 83
Let n be 3/(-6) - (-18)/4. Suppose -3*m = -n*m + 5. Let y(i) = i**2 - 2*i + 5. What are the prime factors of y(m)?
2, 5
Let q(r) = 139*r**2 - 42. What are the prime factors of q(-5)?
3433
Suppose 78*l + 326*l - 535300 = 0. What are the prime factors of l?
5, 53
Let l(t) = 2*t**3 - 33*t**2 + 38*t - 42. Let x(r) = r**3 - 16*r**2 + 19*r - 21. Let f(o) = -3*l(o) + 5*x(o). What are the prime factors of f(13)?
2, 197
Let o(i) = 24*i**3 + 2*i**2 + 12. Let m be o(5). Suppose -2038 = 2*f + 2*h, 3*f + 4*h + 0*h + m = 0. What are the prime factors of ((-28)/6)/(52/f)?
7, 13
Let o = -85 - -39. Let y = 50 + o. Suppose 44 + 108 = y*s. What are the prime factors of s?
2, 19
Suppose -2*a = 8*a - 320. Let f(s) = -s**3 + 33*s**2 - 21*s - 18. What are the prime factors of f(a)?
2, 167
Let b(p) = 3*p**3 - 9*p**2 - 188*p - 146. List the prime factors of b(24).
2, 5, 3163
Let o(c) = 15*c**3 - 14*c**2 + 5*c - 1. Suppose 9 + 18 = 9*w. List the prime factors of o(w).
293
Let j(c) = 19*c - 8. Let t = 56 + -109. Let p = t - -62. List the prime factors of j(p).
163
Let g be (12 + 2)/2 + -4. Suppose g*x - 119 = 211. List the prime factors of x.
2, 5, 11
Let s = 1104 + -627. Suppose -2114 = 2408*f - 2401*f. Let y = s + f. What are the prime factors of y?
5, 7
Let x be (-8)/((-112)/(-133))*66. Let f = 1708 + x. What are the prime factors of f?
23, 47
Let p be (-1*2)/((-20)/(-210)). Let j = -18 - p. Suppose j*s - 164 - 73 = 0. What are the prime factors of s?
79
Let g(l) = 16*l**2 - 58*l - 441. List the prime factors of g(26).
8867
Let y(s) = s + 13. Let u be y(-13). Suppose u = o + 7 - 9. Suppose 0 = -o*m + 4, g + 0*m - 69 = -m. List the prime factors of g.
67
Let s(y) = -6*y. Let k(i) = -5*i**2 - 1 - 1 - 3*i + 27*i**3 - 28*i**3. Let j be k(-